{"id":18,"date":"2025-11-13T09:59:42","date_gmt":"2025-11-13T09:59:42","guid":{"rendered":"https:\/\/castelarurbansuites.com\/?page_id=18"},"modified":"2026-02-06T18:36:02","modified_gmt":"2026-02-06T18:36:02","slug":"politica-de-privacidad","status":"publish","type":"page","link":"https:\/\/castelarurbansuites.com\/index.php\/politica-de-privacidad\/","title":{"rendered":"Pol\u00edtica de Privacidad"},"content":{"rendered":"\t\t<div data-elementor-type=\"wp-page\" data-elementor-id=\"18\" class=\"elementor elementor-18\" data-elementor-post-type=\"page\">\n\t\t\t\t<div class=\"elementor-element elementor-element-e9e1bd3 e-flex e-con-boxed e-con e-parent\" data-id=\"e9e1bd3\" data-element_type=\"container\" data-e-type=\"container\">\n\t\t\t\t\t<div class=\"e-con-inner\">\n\t\t\t\t<div class=\"elementor-element elementor-element-25381f1 elementor-widget elementor-widget-text-editor\" data-id=\"25381f1\" data-element_type=\"widget\" data-e-type=\"widget\" data-widget_type=\"text-editor.default\">\n\t\t\t\t\t\t\t\t\t<h2 data-start=\"250\" data-end=\"275\">POL\u00cdTICA DE PRIVACIDAD<\/h2><h3 data-start=\"277\" data-end=\"311\">1. Responsable del tratamiento<\/h3><p data-start=\"313\" data-end=\"547\"><strong data-start=\"313\" data-end=\"325\">Titular:<\/strong> IBERICA DE DISTRIBUCION Y OPERADORES EXTREME\u00d1OS, S.L.<br data-start=\"379\" data-end=\"382\" \/><strong data-start=\"382\" data-end=\"390\">CIF:<\/strong> B37290038<br data-start=\"400\" data-end=\"403\" \/><strong data-start=\"403\" data-end=\"417\">Domicilio:<\/strong> C\/ Juan Antonio Cansino Rioboo, 3, 8D, Badajoz, 06001 (Espa\u00f1a)<br data-start=\"480\" data-end=\"483\" \/><strong data-start=\"483\" data-end=\"506\">Correo electr\u00f3nico:<\/strong> <a class=\"decorated-link cursor-pointer\" rel=\"noopener\" data-start=\"507\" data-end=\"545\">administracion@castelarurbansuites.com<\/a><\/p><p data-start=\"549\" data-end=\"680\">El titular es responsable del tratamiento de los datos personales recogidos a trav\u00e9s del sitio web <strong data-start=\"648\" data-end=\"679\"><a class=\"decorated-link\" href=\"http:\/\/www.castelarurbansuites.com\" target=\"_new\" rel=\"noopener\" data-start=\"650\" data-end=\"677\">www.castelarurbansuites.com<\/a><\/strong>.<\/p><hr data-start=\"682\" data-end=\"685\" \/><h3 data-start=\"687\" data-end=\"725\">2. Datos personales que se recogen<\/h3><p data-start=\"727\" data-end=\"804\">A trav\u00e9s de este sitio web se pueden recoger los siguientes datos personales:<\/p><ul data-start=\"806\" data-end=\"1019\"><li data-start=\"806\" data-end=\"828\"><p data-start=\"808\" data-end=\"828\">Nombre y apellidos<\/p><\/li><li data-start=\"829\" data-end=\"864\"><p data-start=\"831\" data-end=\"864\">Direcci\u00f3n de correo electr\u00f3nico<\/p><\/li><li data-start=\"865\" data-end=\"922\"><p data-start=\"867\" data-end=\"922\">Mensajes enviados a trav\u00e9s del formulario de contacto<\/p><\/li><li data-start=\"923\" data-end=\"1019\"><p data-start=\"925\" data-end=\"1019\">Datos necesarios para la gesti\u00f3n de reservas (fechas de estancia, n\u00famero de hu\u00e9spedes, etc.)<\/p><\/li><\/ul><p data-start=\"1021\" data-end=\"1224\">Los <strong data-start=\"1025\" data-end=\"1042\">datos de pago<\/strong> no son gestionados directamente por Castelar Urban Suites, sino a trav\u00e9s de <strong data-start=\"1119\" data-end=\"1174\">plataformas externas de pago y\/o motores de reserva<\/strong>, que aplican sus propias pol\u00edticas de privacidad.<\/p><hr data-start=\"1226\" data-end=\"1229\" \/><h3 data-start=\"1231\" data-end=\"1276\">3. Finalidad del tratamiento de los datos<\/h3><p data-start=\"1278\" data-end=\"1370\">Los datos personales facilitados por el usuario se utilizan para las siguientes finalidades:<\/p><ul data-start=\"1372\" data-end=\"1652\"><li data-start=\"1372\" data-end=\"1442\"><p data-start=\"1374\" data-end=\"1442\">Gestionar consultas realizadas a trav\u00e9s del formulario de contacto<\/p><\/li><li data-start=\"1443\" data-end=\"1480\"><p data-start=\"1445\" data-end=\"1480\">Gestionar reservas de alojamiento<\/p><\/li><li data-start=\"1481\" data-end=\"1518\"><p data-start=\"1483\" data-end=\"1518\">Prestar los servicios solicitados<\/p><\/li><li data-start=\"1519\" data-end=\"1566\"><p data-start=\"1521\" data-end=\"1566\">Cumplir con obligaciones legales aplicables<\/p><\/li><li data-start=\"1567\" data-end=\"1652\"><p data-start=\"1569\" data-end=\"1652\">Gestionar comunicaciones relacionadas con la estancia o los servicios contratados<\/p><\/li><\/ul><hr data-start=\"1654\" data-end=\"1657\" \/><h3 data-start=\"1659\" data-end=\"1698\">4. Legitimaci\u00f3n para el tratamiento<\/h3><p data-start=\"1700\" data-end=\"1750\">La base legal para el tratamiento de los datos es:<\/p><ul data-start=\"1752\" data-end=\"1965\"><li data-start=\"1752\" data-end=\"1835\"><p data-start=\"1754\" data-end=\"1835\">El <strong data-start=\"1757\" data-end=\"1787\">consentimiento del usuario<\/strong>, al enviar formularios o realizar una reserva<\/p><\/li><li data-start=\"1836\" data-end=\"1895\"><p data-start=\"1838\" data-end=\"1895\">La <strong data-start=\"1841\" data-end=\"1869\">ejecuci\u00f3n de un contrato<\/strong>, en el caso de reservas<\/p><\/li><li data-start=\"1896\" data-end=\"1965\"><p data-start=\"1898\" data-end=\"1965\">El <strong data-start=\"1901\" data-end=\"1941\">cumplimiento de obligaciones legales<\/strong> aplicables al titular<\/p><\/li><\/ul><hr data-start=\"1967\" data-end=\"1970\" \/><h3 data-start=\"1972\" data-end=\"2004\">5. Conservaci\u00f3n de los datos<\/h3><p data-start=\"2006\" data-end=\"2042\">Los datos personales se conservar\u00e1n:<\/p><ul data-start=\"2044\" data-end=\"2248\"><li data-start=\"2044\" data-end=\"2100\"><p data-start=\"2046\" data-end=\"2100\">Mientras exista una relaci\u00f3n comercial o contractual<\/p><\/li><li data-start=\"2101\" data-end=\"2170\"><p data-start=\"2103\" data-end=\"2170\">Durante el tiempo necesario para cumplir con obligaciones legales<\/p><\/li><li data-start=\"2171\" data-end=\"2248\"><p data-start=\"2173\" data-end=\"2248\">Hasta que el usuario solicite su supresi\u00f3n, cuando sea legalmente posible<\/p><\/li><\/ul><hr data-start=\"2250\" data-end=\"2253\" \/><h3 data-start=\"2255\" data-end=\"2288\">6. Cesi\u00f3n de datos a terceros<\/h3><p data-start=\"2290\" data-end=\"2411\">Los datos podr\u00e1n ser comunicados a terceros \u00fanicamente cuando sea necesario para la prestaci\u00f3n del servicio, entre ellos:<\/p><ul data-start=\"2413\" data-end=\"2618\"><li data-start=\"2413\" data-end=\"2447\"><p data-start=\"2415\" data-end=\"2447\"><strong data-start=\"2415\" data-end=\"2445\">Motor de reservas Avaibook<\/strong><\/p><\/li><li data-start=\"2448\" data-end=\"2480\"><p data-start=\"2450\" data-end=\"2480\">Plataformas de pago externas<\/p><\/li><li data-start=\"2481\" data-end=\"2557\"><p data-start=\"2483\" data-end=\"2557\">Proveedores tecnol\u00f3gicos necesarios para el funcionamiento del sitio web<\/p><\/li><li data-start=\"2558\" data-end=\"2618\"><p data-start=\"2560\" data-end=\"2618\">Administraciones p\u00fablicas cuando exista obligaci\u00f3n legal<\/p><\/li><\/ul><p data-start=\"2620\" data-end=\"2679\">En ning\u00fan caso se vender\u00e1n los datos personales a terceros.<\/p><hr data-start=\"2681\" data-end=\"2684\" \/><h3 data-start=\"2686\" data-end=\"2732\">7. Transferencias internacionales de datos<\/h3><p data-start=\"2734\" data-end=\"2958\">Algunos servicios de terceros (como herramientas de an\u00e1lisis o reservas) pueden implicar transferencias internacionales de datos, garantizando en todo caso el cumplimiento del RGPD mediante cl\u00e1usulas contractuales adecuadas.<\/p><hr data-start=\"2960\" data-end=\"2963\" \/><h3 data-start=\"2965\" data-end=\"2992\">8. Derechos del usuario<\/h3><p data-start=\"2994\" data-end=\"3064\">El usuario puede ejercer en cualquier momento los siguientes derechos:<\/p><ul data-start=\"3066\" data-end=\"3253\"><li data-start=\"3066\" data-end=\"3099\"><p data-start=\"3068\" data-end=\"3099\">Acceso a sus datos personales<\/p><\/li><li data-start=\"3100\" data-end=\"3136\"><p data-start=\"3102\" data-end=\"3136\">Rectificaci\u00f3n de datos inexactos<\/p><\/li><li data-start=\"3137\" data-end=\"3163\"><p data-start=\"3139\" data-end=\"3163\">Supresi\u00f3n de sus datos<\/p><\/li><li data-start=\"3164\" data-end=\"3194\"><p data-start=\"3166\" data-end=\"3194\">Limitaci\u00f3n del tratamiento<\/p><\/li><li data-start=\"3195\" data-end=\"3223\"><p data-start=\"3197\" data-end=\"3223\">Oposici\u00f3n al tratamiento<\/p><\/li><li data-start=\"3224\" data-end=\"3253\"><p data-start=\"3226\" data-end=\"3253\">Portabilidad de los datos<\/p><\/li><\/ul><p data-start=\"3255\" data-end=\"3358\">Para ejercer estos derechos, puede enviar una solicitud a:<br data-start=\"3313\" data-end=\"3316\" \/><strong data-start=\"3316\" data-end=\"3358\"><a class=\"decorated-link cursor-pointer\" rel=\"noopener\" data-start=\"3318\" data-end=\"3356\">administracion@castelarurbansuites.com<\/a><\/strong><\/p><p data-start=\"3360\" data-end=\"3476\">Tambi\u00e9n tiene derecho a presentar una reclamaci\u00f3n ante la <strong data-start=\"3418\" data-end=\"3475\">Agencia Espa\u00f1ola de Protecci\u00f3n de Datos (<a class=\"decorated-link\" href=\"http:\/\/www.aepd.es\" target=\"_new\" rel=\"noopener\" data-start=\"3461\" data-end=\"3472\">www.aepd.es<\/a>)<\/strong>.<\/p><hr data-start=\"3478\" data-end=\"3481\" \/><h3 data-start=\"3483\" data-end=\"3512\">9. Seguridad de los datos<\/h3><p data-start=\"3514\" data-end=\"3664\">El titular adopta las medidas t\u00e9cnicas y organizativas necesarias para garantizar la seguridad, integridad y confidencialidad de los datos personales.<\/p><hr data-start=\"3666\" data-end=\"3669\" \/><h3 data-start=\"3671\" data-end=\"3698\">10. Pol\u00edtica de cookies<\/h3><p data-start=\"3700\" data-end=\"3983\">Este sitio web utiliza cookies propias y de terceros para su correcto funcionamiento y para analizar el uso de la web.<br data-start=\"3818\" data-end=\"3821\" \/>El usuario puede configurar y aceptar el uso de cookies a trav\u00e9s del correspondiente <strong data-start=\"3906\" data-end=\"3927\">banner de cookies<\/strong>, que ser\u00e1 implementado conforme a la normativa vigente.<\/p><hr data-start=\"3985\" data-end=\"3988\" \/><h3 data-start=\"3990\" data-end=\"4041\">11. Modificaciones de la pol\u00edtica de privacidad<\/h3><p data-start=\"4043\" data-end=\"4191\">El titular se reserva el derecho a modificar la presente Pol\u00edtica de Privacidad para adaptarla a novedades legislativas o cambios en el sitio web.<\/p>\t\t\t\t\t\t\t\t<\/div>\n\t\t\t\t\t<\/div>\n\t\t\t\t<\/div>\n\t\t\t\t<\/div>\n\t\t","protected":false},"excerpt":{"rendered":"<p>POL\u00cdTICA DE PRIVACIDAD 1. Responsable del tratamiento Titular: IBERICA DE DISTRIBUCION Y OPERADORES EXTREME\u00d1OS, S.L.CIF: B37290038Domicilio: C\/ Juan Antonio Cansino Rioboo, 3, 8D, Badajoz, 06001 (Espa\u00f1a)Correo electr\u00f3nico: administracion@castelarurbansuites.com El titular es responsable del tratamiento de los datos personales recogidos a trav\u00e9s del sitio web www.castelarurbansuites.com. 2. Datos personales que se recogen A trav\u00e9s de este [&hellip;]<\/p>\n","protected":false},"author":1,"featured_media":0,"parent":0,"menu_order":0,"comment_status":"closed","ping_status":"closed","template":"elementor_header_footer","meta":{"footnotes":""},"class_list":["post-18","page","type-page","status-publish","hentry"],"_links":{"self":[{"href":"https:\/\/castelarurbansuites.com\/index.php\/wp-json\/wp\/v2\/pages\/18","targetHints":{"allow":["GET"]}}],"collection":[{"href":"https:\/\/castelarurbansuites.com\/index.php\/wp-json\/wp\/v2\/pages"}],"about":[{"href":"https:\/\/castelarurbansuites.com\/index.php\/wp-json\/wp\/v2\/types\/page"}],"author":[{"embeddable":true,"href":"https:\/\/castelarurbansuites.com\/index.php\/wp-json\/wp\/v2\/users\/1"}],"replies":[{"embeddable":true,"href":"https:\/\/castelarurbansuites.com\/index.php\/wp-json\/wp\/v2\/comments?post=18"}],"version-history":[{"count":8,"href":"https:\/\/castelarurbansuites.com\/index.php\/wp-json\/wp\/v2\/pages\/18\/revisions"}],"predecessor-version":[{"id":297,"href":"https:\/\/castelarurbansuites.com\/index.php\/wp-json\/wp\/v2\/pages\/18\/revisions\/297"}],"wp:attachment":[{"href":"https:\/\/castelarurbansuites.com\/index.php\/wp-json\/wp\/v2\/media?parent=18"}],"curies":[{"name":"wp","href":"https:\/\/api.w.org\/{rel}","templated":true}]}}